is divided by 50?
47
Calculate the remainder when 465 is divided by 117.
114
What is the remainder when 252 is divided by 120?
12
What is the remainder when 53 is divided by 31?
22
Calculate the remainder when 490 is divided by 32.
10
Calculate the remainder when 86 is divided by 8.
6
What is the remainder when 515 is divided by 48?
35
What is the remainder when 2515 is divided by 126?
121
Calculate the remainder when 194 is divided by 187.
7
Calculate the remainder when 30 is divided by 6.
0
What is the remainder when 3478 is divided by 1?
0
What is the remainder when 6740 is divided by 2244?
8
What is the remainder when 257 is divided by 36?
5
What is the remainder when 140 is divided by 26?
10
Calculate the remainder when 159 is divided by 25.
9
Calculate the remainder when 902 is divided by 33.
11
Calculate the remainder when 118 is divided by 49.
20
Calculate the remainder when 166 is divided by 21.
19
What is the remainder when 470 is divided by 172?
126
Calculate the remainder when 74 is divided by 50.
24
Calculate the remainder when 125 is divided by 17.
6
Calculate the remainder when 292 is divided by 5.
2
What is the remainder when 255 is divided by 246?
9
Calculate the remainder when 19 is divided by 4.
3
Calculate the remainder when 4622 is divided by 25.
22
Calculate the remainder when 395 is divided by 17.
4
Calculate the remainder when 8307 is divided by 2768.
3
What is the remainder when 957 is divided by 242?
231
Calculate the remainder when 54 is divided by 49.
5
What is the remainder when 186 is divided by 63?
60
Calculate the remainder when 2309 is divided by 766.
11
Calculate the remainder when 42 is divided by 23.
19
Calculate the remainder when 68 is divided by 12.
8
What is the remainder when 555 is divided by 54?
15
Calculate the remainder when 8249 is divided by 33.
32
Calculate the remainder when 320 is divided by 51.
14
What is the remainder when 3256 is divided by 68?
60
Calculate the remainder when 1245 is divided by 7.
6
What is the remainder when 125 is divided by 10?
5
Calculate the remainder when 926 is divided by 3.
2
What is the remainder when 1331 is divided by 193?
173
Calculate the remainder when 263 is divided by 54.
47
Calculate the remainder when 220 is divided by 74.
72
What is the remainder when 1517 is divided by 95?
92
What is the remainder when 1052 is divided by 300?
152
What is the remainder when 185 is divided by 50?
35
What is the remainder when 415 is divided by 38?
35
Calculate the remainder when 1303 is divided by 218.
213
What is the remainder when 1753 is divided by 332?
93
Calculate the remainder when 146 is divided by 25.
21
What is the remainder when 288 is divided by 96?
0
What is the remainder when 935 is divided by 263?
146
What is the remainder when 1253 is divided by 208?
5
What is the remainder when 195 is divided by 195?
0
Calculate the remainder when 1355 is divided by 58.
21
What is the remainder when 142 is divided by 8?
6
Calculate the remainder when 284 is divided by 13.
11
Calculate the remainder when 611 is divided by 15.
11
What is the remainder when 91 is divided by 16?
11
What is the remainder when 2038 is divided by 5?
3
What is the remainder when 144 is divided by 54?
36
What is the remainder when 585 is divided by 145?
5
What is the remainder when 171 is divided by 36?
27
Calculate the remainder when 2917 is divided by 1458.
1
What is the remainder when 81 is divided by 13?
3
Calculate the remainder when 509 is divided by 51.
50
What is the remainder when 270 is divided by 241?
29
What is the remainder when 2224 is divided by 21?
19
Calculate the remainder when 12557 is divided by 40.
37
Calculate the remainder when 199 is divided by 84.
31
Calculate the remainder when 19 is divided by 6.
1
What is the remainder when 217 is divided by 71?
4
What is the remainder when 190 is divided by 52?
34
Calculate the remainder when 106 is divided by 6.
4
Calculate the remainder when 635 is divided by 53.
52
What is the remainder when 150 is divided by 13?
7
What is the remainder when 321 is divided by 82?
75
What is the remainder when 320 is divided by 18?
14
What is the remainder when 2510 is divided by 119?
11
What is the remainder when 40 is divided by 14?
12
Calculate the remainder when 688 is divided by 9.
4
Calculate the remainder when 80 is divided by 29.
22
What is the remainder when 249 is divided by 12?
9
Calculate the remainder when 1255 is divided by 115.
105
Calculate the remainder when 36 is divided by 14.
8
What is the remainder when 17614 is divided by 13?
12
What is the remainder when 748 is divided by 333?
82
Calculate the remainder when 1390 is divided by 149.
49
Calculate the remainder when 3836 is divided by 240.
236
Calculate the remainder when 8518 is divided by 12.
10
What is the remainder when 3120 is divided by 71?
67
Calculate the remainder when 50 is divided by 14.
8
What is the remainder when 195 is divided by 29?
21
Calculate the remainder when 2043 is divided by 102.
3
Calculate the remainder when 3109 is divided by 18.
13
Calculate the remainder when 379 is divided by 84.
43
Calculate the remainder when 810 is divided by 68.
62
Calculate the remainder when 89 is divided by 17.
4
Calculate the remainder when 2757 is divided by 69.
66
What is the remainder when 383 is divided by 77?
75
Calculate the remainder when 4452 is divided by 4438.
14
Calculate the remainder when 735 is divided by 41.
38
What is the remainder when 30 is divided by 18?
12
Calculate the remainder when 80 is divided by 27.
26
What is the remainder when 64 is divided by 4?
0
What is the remainder when 75 is divided by 18?
3
What is the remainder when 2411 is divided by 21?
17
What is the remainder when 303 is divided by 34?
31
Calculate the remainder when 143 is divided by 49.
45
What is the remainder when 27333 is divided by 12?
9
Calculate the remainder when 328 is divided by 14.
6
Calculate the remainder when 598 is divided by 75.
73
Calculate the remainder when 106 is divided by 10.
6
What is the remainder when 196 is divided by 23?
12
Calculate the remainder when 527 is divided by 33.
32
Calculate the remainder when 439 is divided by 44.
43
Calculate the remainder when 287 is divided by 18.
17
Calculate the remainder when 60 is divided by 23.
14
Calculate the remainder when 776 is divided by 3.
2
What is the remainder when 1059 is divided by 53?
52
Calculate the remainder when 105 is divided by 19.
10
What is the remainder when 285 is divided by 60?
45
Calculate the remainder when 502 is divided by 17.
9
Calculate the remainder when 6911 is divided by 108.
107
Calculate the remainder when 512 is divided by 117.
44
Calculate the remainder when 1223 is divided by 14.
5
What is the remainder when 4957 is divided by 29?
27
What is the remainder when 1477 is divided by 115?
97
Calculate the remainder when 54 is divided by 24.
6
What is the remainder when 450 is divided by 41?
40
What is the remainder when 1291 is divided by 159?
19
Calculate the remainder when 51 is divided by 20.
11
Calculate the remainder when 16376 is divided by 140.
136
Calculate the remainder when 234 is divided by 63.
45
Calculate the remainder when 50 is divided by 14.
8
Calculate the remainder when 804 is divided by 7.
6
What is the remainder when 206 is divided by 64?
14
What is the remainder when 149 is divided by 50?
49
Calculate the remainder when 68 is divided by 41.
27
Calculate the remainder when 206 is divided by 57.
35
What is the remainder when 255 is divided by 132?
123
Calculate the remainder when 12636 is divided by 158.
154
What is the remainder when 418 is divided by 30?
28
What is the remainder when 57 is divided by 29?
28
What is the remainder when 134 is divided by 18?
8
What is the remainder when 1580 is divided by 7?
5
Calculate the remainder when 1490 is divided by 58.
40
Calculate the remainder when 135 is divided by 68.
67
Calculate the remainder when 138 is divided by 49.
40
Calculate the remainder when 2598 is divided by 100.
98
What is the remainder when 166 is divided by 57?
52
Calculate the remainder when 219 is divided by 37.
34
What is the remainder when 48812 is divided by 13?
10
Calculate the remainder when 376 is divided by 186.
4
Calculate the remainder when 537 is 